True
Does 7 divide 77?
True
Is 39 a factor of 5945?
False
Is 14 a factor of 15?
False
Is 47454 a multiple of 38?
False
Does 12 divide 22?
False
Is 68 a factor of 37196?
True
Is 5003 a multiple of 58?
False
Is 4886 a multiple of 14?
True
Is 1380 a multiple of 10?
True
Does 3 divide 90?
True
Is 29 a factor of 3907?
False
Does 16 divide 616?
False
Is 8 a factor of 997?
False
Is 714 a multiple of 7?
True
Is 18 a factor of 342?
True
Does 3 divide 996?
True
Is 16 a factor of 528?
True
Is 1122 a multiple of 30?
False
Is 888 a multiple of 27?
False
Does 334 divide 62167?
False
Is 632 a multiple of 28?
False
Is 3 a factor of 2984?
False
Is 40643 a multiple of 419?
True
Does 29 divide 319?
True
Is 4446 a multiple of 21?
False
Is 216 a multiple of 29?
False
Is 721 a multiple of 19?
False
Is 38 a multiple of 2?
True
Is 13 a factor of 882?
False
Does 12 divide 1214?
False
Does 6 divide 8974?
False
Is 728 a multiple of 13?
True
Is 30 even?
True
Is 421 a multiple of 7?
False
Is 15 a factor of 14605?
False
Is 18410 a multiple of 70?
True
Does 76 divide 371?
False
Is 103 a factor of 98365?
True
Does 57 divide 2649?
False
Does 24 divide 4412?
False
Is 17863 a multiple of 85?
False
Is 890 a multiple of 12?
False
Does 131 divide 14948?
False
Is 13 a factor of 15947?
False
Is 73 a factor of 16571?
True
Is 1312 a multiple of 5?
False
Does 15 divide 156?
False
Does 19 divide 76176?
False
Is 15880 a multiple of 24?
False
Does 27 divide 10341?
True
Does 106 divide 25864?
True
Is 378 a multiple of 13?
False
Does 27 divide 405?
True
Is 46 a factor of 2236?
False
Is 1032 a multiple of 12?
True
Does 53 divide 49267?
False
Is 83674 a multiple of 337?
False
Does 47 divide 60583?
True
Is 6512 a multiple of 14?
False
Is 38 a factor of 2588?
False
Does 30 divide 540?
True
Is 67 a factor of 2609?
False
Does 41 divide 1312?
True
Does 64 divide 22006?
False
Does 24 divide 76171?
False
Does 38 divide 1026?
True
Is 37815 a multiple of 15?
True
Is 116 a factor of 17052?
True
Is 20 a multiple of 10?
True
Does 18 divide 29313?
False
Does 14 divide 7199?
False
Is 32 a factor of 441?
False
Does 13 divide 745?
False
Is 56 a factor of 4816?
True
Does 3 divide 3776?
False
Is 2033 a multiple of 19?
True
Is 123 a factor of 1722?
True
Is 29 a factor of 33319?
False
Does 44 divide 2973?
False
Does 2 divide 8253?
False
Does 22 divide 418?
True
Is 10933 a multiple of 13?
True
Is 55 a multiple of 31?
False
Is 1215 a multiple of 8?
False
Is 7 a factor of 413?
True
Is 220 a multiple of 2?
True
Is 30 a factor of 1122?
False
Does 88 divide 30172?
False
Does 119 divide 4177?
False
Is 4056 a multiple of 6?
True
Does 59 divide 3268?
False
Is 3734 a multiple of 3?
False
Is 112 a multiple of 52?
False
Is 2 a factor of 131?
False
Is 107357 a multiple of 23?
False
Does 42 divide 19530?
True
Is 8 a factor of 6381?
False
Is 8 a factor of 464?
True
Is 111858 a multiple of 309?
True
Is 1872 a multiple of 3?
True
Is 883 a multiple of 14?
False
Does 14 divide 644?
True
Is 12 a factor of 1296?
True
Is 144 a multiple of 48?
True
Does 27 divide 654?
False
Is 7795 a multiple of 55?
False
Is 94 a factor of 5734?
True
Is 15 a factor of 60?
True
Does 57 divide 6187?
False
Does 90 divide 96480?
True
Is 39 a factor of 3275?
False
Is 42 a multiple of 11?
False
Does 9 divide 9057?
False
Is 45 a factor of 8325?
True
Does 40 divide 5160?
True
Is 47 a factor of 1186?
False
Is 802 a multiple of 93?
False
Is 2126 a multiple of 4?
False
Is 1873 a multiple of 33?
False
Is 1383 a multiple of 7?
False
Is 226 a multiple of 11?
False
Is 1640 a multiple of 41?
True
Is 18 a factor of 67?
False
Is 62 a factor of 372?
True
Does 7 divide 2771?
False
Is 12260 a multiple of 53?
False
Is 9333 a multiple of 17?
True
Does 39 divide 1581?
False
Does 25 divide 352?
False
Does 266 divide 16673?
False
Does 13 divide 1775?
False
Is 81 a factor of 469?
False
Is 66015 a multiple of 15?
True
Is 3 a factor of 24?
True
Is 6037 a multiple of 7?
False
Does 23 divide 2952?
False
Is 229 a multiple of 14?
False
Does 40 divide 711?
False
Is 17 a factor of 12432?
False
Does 2 divide 734?
True
Is 13940 a multiple of 34?
True
Is 19808 a multiple of 17?
False
Does 2 divide 371?
False
Does 84 divide 8239?
False
Is 1104 a multiple of 22?
False
Is 61 a factor of 3538?
True
Is 14 a factor of 11283?
False
Is 4712 a multiple of 19?
True
Is 112 a factor of 9744?
True
Does 69 divide 4278?
True
Does 58 divide 3054?
False
Is 37 a multiple of 37?
True
Does 8 divide 23220?
False
Does 7 divide 22239?
True
Does 15 divide 2295?
True
Does 49 divide 891?
False
Is 34 a factor of 56004?
False
Does 102 divide 3551?
False
Does 202 divide 29088?
True
Is 3084 a multiple of 50?
False
Is 100 a factor of 1600?
True
Is 57 a factor of 1482?
True
Does 20 divide 31075?
False
Is 1461 a multiple of 16?
False
Is 1550 even?
True
Is 5214 a multiple of 33?
True
Is 3148 a multiple of 17?
False
Is 18 a factor of 13722?
False
Is 1117 a multiple of 8?
False
Does 17 divide 2771?
True
Does 97 divide 34796?
False
Is 14 a factor of 240?
False
Is 251 a multiple of 45?
False
Is 930 a multiple of 97?
False
Does 22 divide 71135?
False
Is 20456 a multiple of 70?
False
Is 17 a factor of 595?
True
Does 164 divide 1821?
False
Does 11 divide 3997?
False
Is 532 a multiple of 14?
True
Is 17 a factor of 850?
True
Is 153 a multiple of 3?
True
Does 5 divide 345?
True
Is 2774 even?
True
Is 22 a factor of 1694?
True
Is 84 a factor of 647?
False
Does 67 divide 1474?
True
Is 17 a factor of 32883?
False
Is 3618 a multiple of 54?
True
Does 77 divide 82252?
False
Is 19 a factor of 29203?
True
Is 423 a multiple of 68?
False
Is 92 a factor of 9694?
False
Does 27 divide 7344?
True
Is 202 a multiple of 14?
False
Does 6 divide 7152?
True
Is 109815 a multiple of 15?
True
Does 89 divide 178?
True
Is 19 a factor of 1139?
False
Is 855 a multiple of 15?
True
Is 2624 a multiple of 41?
True
Is 9 a factor of 3051?
True
Does 2 divide 868?
True
Is 13 a factor of 1274?
True
Does 173 divide 1586?
False
Is 6 a factor of 2535?
False
Does 41 divide 8636?
False
Does 172 divide 88924?
True
Is 49376 a multiple of 4?
True
Is 14 a factor of 4130?
True
Is 39993 a multiple of 42?
False
Is 6125 a multiple of 35?
True
Is 512 a multiple of 9?
False
Is 9 a factor of 1593?
True
Does 74 divide 18574?
True
Is 639 a multiple of 9?
True
Is 41607 a multiple of 22?
False
Does 4 divide 224?
True
Is 725 a multiple of 12?
False
Does 44 divide 6072?
True
Does 16 divide 1664?
True
Does 13 divide 71?
False
Is 3 a factor of 78?
True
Does 25 divide 16384?
False
Is 9 a factor of 639?
True
Is 9658 a multiple of 22?
True
Does 11 divide 583?
True
Is 20 a factor of 5420?
True
Is 11 a factor of 207?
False
Is 80 a factor of 8640?
True
Is 82 a factor of 467?
False
Is 66 a factor of 8347?
False
Is 646 even?
True
Is 30330 a multiple of 18?
True
Does 47 divide 967?
False
Does 6 divide 2979?
False
Is 8 a factor of 5967?
False
Is 8 a factor of 272?
True
Is 26 a factor of 9438?
True
Is 50163 a multiple of 13?
False
Is 5 a factor of 2193?
False
Does 18 divide 324?
True
Does 59 divide 28733?
True
Does 6 divide 1078?
False
Is 94 a factor of 139416?
False
Is 8091 a multiple of 31?
True
Is 9 a factor of 920?
False
Is 61592 a multiple of 133?
False
Does 12 divide 3260?
False
Does 112 divide 5845?
False
Does 126 divide 12096?
True
Is 44539 a multiple of 42?
False
Is 352 a multiple of 11?
True
Is 3133 a multiple of 36?
False
Is 13 a factor of 145?
False
Is 121 a factor of 21054?
True
Is 106 a factor of 23426?
True
Does 17 divide 1039?
False
Is 19062 a multiple of 27?
True
Is 768 a multiple of 96?
True
Is 687 a multiple of 30?
False
Does 45 divide 7844?
False
Is 31 a factor of 1447?
False
Is 882 a multiple of 13?
False
Is 55 a factor of 1611?
False
Is 44 a factor of 1973?
False
Does 108 divide 1620?
True
Is 6653 a multiple of 122?
False
Is 20 a factor of 3721?
False
Is 2927 a multiple of 24?
False
Is 4 a factor of 2706?
False
Is 134 a factor of 38726?
True
Is 119 a factor of 1190?
True
Does 7 divide 161?
True
Is 1904 a multiple of 7?
True
Is 1085 a multiple of 31?
True
Does 42 divide 3402?
True
Is 148 a factor of 5476?
True
Is 45 a factor of 90?
True
Is 13970 a multiple of 10?
True
Is 33 a factor of 187?
False
Does 13 divide 6682?
True
Does 40 divide 9536?
False
Is 45 a multiple of 45?
True